s) = 3*s**2 - 8*s - 4. Let c(x) = -8*x**2 + 24*x + 13. Let k(q) = m*c(q) - 11*o(q). What is k(-7)?
-1
Let f(y) = y**3 - 8*y**2 + 8*y - 2. Let d = 70 - 63. Determine f(d).
5
Let j = -22 - -24. Let w(k) = -2 + j + 0 - k. Calculate w(1).
-1
Let c(q) = -q**2 + q - 12. Let w be (-52)/(-65) - 8/10. Let l be c(w). Let d(r) = -r - 12. Let f be d(l). Let y(i) = -i - 3. Calculate y(f).
-3
Suppose 0 = -o + 5*n + 5, 2*o - n = 12 + 25. Let a = o + -26. Let f(m) = m - 1. Determine f(a).
-7
Let m(j) = -4*j**3 - 2*j**2 + 4*j + 3. Let f(h) = -9*h**3 - 4*h**2 + 9*h + 7. Let a(k) = 3*f(k) - 7*m(k). Determine a(-3).
-6
Let z(w) be the second derivative of -w**4/12 - 2*w**3/3 + w**2/2 + w. Let v(y) = 8*y + 19. Let f be v(19). Let d = 167 - f. What is z(d)?
1
Let q be ((0 - 2)/(-240))/((-5)/(-10)). Let x(z) be the third derivative of -5/24*z**4 - 1/2*z**3 + 3*z**2 + 0*z + q*z**5 + 0. Calculate x(7).
11
Let w(o) = o**3 + 5*o + 2. Let q(m) = -m**3 - m**2 - 5*m - 2. Let i(h) = 5*q(h) + 4*w(h). Suppose -15 = 3*c - 3*a, 5*c - 11*a = -14*a - 17. What is i(c)?
2
Let s be ((-2)/3)/((-8)/84). Let x(y) be the first derivative of y**2/2 - 2*y - 26. Calculate x(s).
5
Let w = -30 + 81. Let h = w - 39. Let u(d) = -d**2 + 13*d - 9. What is u(h)?
3
Let a(w) be the first derivative of w**5/20 - w**4/3 + 27*w - 24. Let k(d) be the first derivative of a(d). Calculate k(4).
0
Let c(a) = -2*a + 1. Let x be (-2 - (0 - -1)) + 3. Suppose -2*b = -q + 6, x*b - 12 = 2*q + 2*b. Let w = 0 + q. Give c(w).
5
Let s(r) = -2*r + 8. Let t = 7 + -5. Let z be -2 + (t - 1) + 1. Suppose -2*w = 3*i - 12, 0 = 4*w + i - 24 - z. Determine s(w).
-4
Let n be 8/(-12)*12/2 - -6. Let s(a) = 0*a + n*a - 31 - 3*a + 33. Let z(r) = r**2 + r - 1. Let d be z(-2). Determine s(d).
1
Let i(m) = -7*m**3 - 13*m**2 + 12*m + 3. Let t(f) = 15*f**3 + 29*f**2 - 26*f - 7. Let y(x) = 13*i(x) + 6*t(x). What is y(4)?
13
Let f(s) = -s + 2. Let z = 103 + -94. Suppose 1 = 2*x + 11, -x + 85 = -2*d. Let k be z/d + (-11)/(-5). Calculate f(k).
0
Let h(r) = -r + 11. Let v be h(3). Let t be (0 + 10/2)/1. Suppose -3*o - v = t*x, 4*x - 2*o = -0*x - 24. Let a(z) = -3*z - 5. Calculate a(x).
7
Let r = -37 - -39. Suppose 2*u = -2*t - 4, r*u + 3 = -5*t + 2*t. Let c(v) be the first derivative of -v**4/4 - 2*v**3/3 - 2*v + 2. Give c(u).
7
Let n(s) = -16*s**3 + s**2 - s - 1. Suppose -j = 8 - 7. Give n(j).
17
Let d(c) = 2*c**2 + c. Let o be 12/8*(-16)/(-3). Suppose -9*y + o = -1. What is d(y)?
3
Let f(v) be the third derivative of 0 - 1/120*v**5 - 5/3*v**3 + 1/12*v**4 - 5*v**2 + 0*v. Let w(a) be the first derivative of f(a). Determine w(0).
2
Let q(n) = 4*n**3 + 2*n**2 + 5*n + 22. Let k(h) = -3*h**3 - h**2 - 3*h - 15. Let a = 3 - -1. Suppose 0 = 5*b + a + 31. Let z(t) = b*k(t) - 5*q(t). What is z(4)?
-5
Suppose 0 = -18*w + 40 + 122. Let y(s) be the third derivative of s**6/120 - s**5/6 + 5*s**4/12 - 7*s**3/6 - 2*s**2. Give y(w).
2
Let k(l) = l + 5. Let r be (120/(-96))/(1/4). What is k(r)?
0
Let p(n) = -n**2 + 5*n + 4. Let b(h) be the first derivative of -h**3/3 - 5*h**2 + 15*h + 5. Let y be -1 + -12 + 2/1. Let f be b(y). Give p(f).
8
Let n(a) = -a**2 + a + 13. Let u be n(4). Let b(k) = 10*k. What is b(u)?
10
Let o(p) = -3*p**2 + 5*p - 3. Suppose 0 = -4*u + 4*m + 24, -8*m = -7*m + 1. Give o(u).
-53
Let q(c) = -c**3 - 11*c**2 - 2*c - 9. Let h = -1392 + 1381. Determine q(h).
13
Let y(f) = 1. Let v(u) = -u. Let o(b) = -b**2 + 4*b - 2. Let j(m) = -o(m) + 3*v(m). Let x(i) = j(i) - 2*y(i). Determine x(3).
-12
Let u = -34 + 37. Let t(n) = n + n - 3*n - u*n. What is t(-1)?
4
Let h = 24 + -22. Suppose 0 = -3*d + 2*l - 2, -7*d + 18 = -2*d + h*l. Let u(s) = s**2 - 3*s. Determine u(d).
-2
Let f(v) = -v**2 - 5*v + 5. Suppose -b = b + u - 5, -4*b + 4*u + 40 = 0. Suppose b*h - 41 - 4 = 0. Let r be (h - 5) + (-20)/2. Give f(r).
-1
Let p(c) be the first derivative of c**4/4 + 26*c**3/3 + 3*c**2/2 + 75*c + 452. What is p(-26)?
-3
Let d = -67 - -75. Let z(u) = -u + 16. What is z(d)?
8
Let m(l) = -l**3 + 5*l**2 + 3*l - 7. Let f be m(5). Let p(a) be the second derivative of -a**5/20 + 2*a**4/3 - a**3/3 + 6*a**2 - 1555*a. Determine p(f).
-4
Let h(a) be the first derivative of -1/4*a**4 - 4/3*a**3 - 1 + a + 1/2*a**2. Let n = 36 - 40. Calculate h(n).
-3
Suppose 3*n = -2*n - 3*m + 100, -2*n = m - 41. Let j(r) = 37 - r - n - 17. Determine j(5).
-8
Let r be (-2)/(-6) - (-4)/6. Let u(v) be the third derivative of -1/6*v**4 + 8*v**2 + 0 - 1/6*v**3 + 0*v. Calculate u(r).
-5
Let s(n) = 33*n**2 + 6*n - 7. Let x(w) = -w**2 + w - 1. Let r(q) = -s(q) + 6*x(q). Calculate r(1).
-38
Suppose -5*j + 328 = 4*l, l = 2*j - 6*j + 258. Let g = 67 - j. Let h(p) = 4*p - 1. Determine h(g).
11
Suppose 0 = 3*a + 3*d, -5*a - d = -1 + 21. Let u(w) = -w**3 - 7*w**2 + w + 7. Give u(a).
-48
Let z(p) = p**3 + 4*p**2 + 2*p + 3. Suppose -33 = -a + 5*w, 14 = -4*w - 6. Let k be (-9 + a)/(3/12). What is z(k)?
-5
Let p(u) be the third derivative of -u**6/120 - 7*u**5/60 - u**4/4 + 7*u**3/6 + 98*u**2. Calculate p(-6).
7
Let f be 3/12*4 - -3. Suppose -f*i + u - 3*u = 22, -3*u - 12 = -i. Let k(n) = -6*n - 11. Let v(c) = 5*c + 10. Let w(j) = -4*k(j) - 5*v(j). Determine w(i).
-3
Let j(t) = 4*t + 2. Let x = -52 + 62. Suppose 2*o + 14 = 3*p, -6*o - p = -3*o + x. Determine j(o).
-14
Suppose 0*h - 45 = -9*h. Let t(x) = x**2 - 6*x - 5. Determine t(h).
-10
Let u(m) = 3*m + 5. Let p = 0 + 5. Suppose 4*k + 4*x - 24 = 0, -4*k + 3 = p*x - 21. Suppose k*d - 9*d = 12. Determine u(d).
-7
Let k(t) = 2*t**3 - t**2 + t. Let v(q) = 7*q**3 + 4*q**2 - 7*q - 14. Let x(u) = -3*k(u) + v(u). Give x(-8).
2
Suppose 8 = 4*q + 4*z, -3*q - 3*z = -2*z - 16. Let t(p) = -15*p + q*p - 1 - 62*p**2 + 61*p**2. Give t(-8).
-1
Suppose -39*l - 53 = 142. Let f(x) = 7*x + 16. What is f(l)?
-19
Let u(a) = -a**3 - 6*a**2 + a + 2. Let c(d) = d + 7. Let l be c(-4). Let h be 1/(l*4/(-72)). Give u(h).
-4
Let s(v) = -2*v. Let b(l) = -3*l + 1. Let q(i) = -2*b(i) + 4*s(i). Suppose 4*o + 108 = -0*o. Let a = -31 - o. Give q(a).
6
Let p(c) be the third derivative of c**5/60 + c**4/4 - c**3/3 - 5*c**2 - 2*c. Let n be ((-43)/9)/1 - 4/18. Calculate p(n).
-7
Let b(n) = -n**3 + 3*n**2 + 4*n - 5. Suppose 6*g + 87 = 3*g. Let f = 34 + g. Suppose 2*d + 2*x = -d + 14, d - f*x + 1 = 0. What is b(d)?
-5
Let r(p) = 2*p + 1. Let f be 8/36 - (-22)/(-18). Let c be r(f). Let s(t) = 19*t**2 - t - 3. Let i(d) = -9*d**2 + 1. Let o(q) = -5*i(q) - 2*s(q). Determine o(c).
6
Let q = 7 + -5. Let l(u) = -9*u**3 + 8*u**3 - u + 2 - 5*u - q*u + 7*u**2. Give l(6).
-10
Suppose -9*l - 8 = -11*l. Let s(m) = 4 + 5*m - 11 + l + 5. Calculate s(2).
12
Let p(f) be the second derivative of 0*f**2 + 0 + 5*f + 1/6*f**3. Determine p(-5).
-5
Suppose 5*x = 5*k + 55, -5*x + 2*k + 44 = -5. Let s = x - 10. Let m(b) = -b + 0 + 1 - 3*b. Calculate m(s).
5
Let d(i) = -175*i + 3 + 79*i - i**3 + 97*i + 5*i**2. What is d(6)?
-27
Let w(p) be the first derivative of -p**5/120 - 7*p**4/24 - 20*p**3/3 - 19. Let v(t) be the third derivative of w(t). Calculate v(5).
-12
Let l(t) = t**2 + 3*t + 2. Let m(h) = 4 + 13*h - 22*h + 14*h + 3*h**2. Let u(s) = 5*l(s) - 2*m(s). Suppose -5 = j - 3*b, 0 = -3*j + 7*b - 2*b - 3. What is u(j)?
6
Let a(n) = n**3 + 5*n**2 + 6*n + 6. Let f = -11 + 15. Let l(d) = -d**2 + 6*d + 7. Let w be l(7). Suppose w = -k - 0 - f. Calculate a(k).
-2
Let v(n) be the second derivative of -9*n**5/20 + n**4/12 - n**2/2 - n - 101. Determine v(1).
-9
Suppose -54 = -2*d + o, 2*d - 61 + 7 = 3*o. Suppose -l - 2*r + d = 0, 0*r + r = 4*l - 99. Suppose -g - 4*g = -l. Let x(q) = -q**2 + 5*q + 7. Give x(g).
7
Let v(s) = 5*s**2 - 6*s - 5. Let y(u) = -6*u**2 + 6*u + 6. Let o(n) = -4*v(n) - 3*y(n). Suppose 0 = 3*b + 3*h - 33, -43*b - 3*h + 43 = -38*b. Give o(b).
-18
Let j = 859 - 862. Let k(u) = -3*u - 5. Give k(j).
4
Let k(v) be the first derivative of -v**6/120 + v**5/20 - 5*v**4/24 + v**3/2 + 43*v**2/2 - 49. Let h(n) be the second derivative of k(n). Determine h(3).
-12
Suppose 0 = -3*f + 7*f - 24. Suppose -17 = -f*j + 1. Let v(r) = -2 + j*r + 20 - 12. Determine v(-4).
-6
Let b(y) = 2*y**3 - y**2 + 1. Let s(j) = -j - 6. Let z be s(-11). Suppose 3*t - 3*o + o = -z, t = -4*o - 25. Let k = t + 4. Determine b(k).
-2
Suppose 2*h - 36 = -2*h. Suppose h = 3*j - 0*j. Suppose 11 = -j*c + 5. Let s(a) = -2*a**2 - 2*a - 2. What i